{"id":2370,"date":"2025-02-05T11:52:41","date_gmt":"2025-02-05T08:52:41","guid":{"rendered":"https:\/\/www.erdesaglik.com\/?page_id=2370"},"modified":"2025-02-05T12:05:57","modified_gmt":"2025-02-05T09:05:57","slug":"dovme-silme","status":"publish","type":"page","link":"https:\/\/www.erdesaglik.com\/index.php\/dovme-silme\/","title":{"rendered":"D\u00d6VME S\u0130LME"},"content":{"rendered":"\t\t<div data-elementor-type=\"wp-page\" data-elementor-id=\"2370\" class=\"elementor elementor-2370\">\n\t\t\t\t<div class=\"elementor-element elementor-element-15923d7 e-flex e-con-boxed e-con e-parent\" data-id=\"15923d7\" data-element_type=\"container\">\n\t\t\t\t\t<div class=\"e-con-inner\">\n\t\t\t\t<div class=\"elementor-element elementor-element-42c4ff1 elementor-widget elementor-widget-image\" data-id=\"42c4ff1\" data-element_type=\"widget\" data-widget_type=\"image.default\">\n\t\t\t\t<div class=\"elementor-widget-container\">\n\t\t\t\t\t\t\t\t\t\t\t\t\t\t\t<img fetchpriority=\"high\" decoding=\"async\" width=\"740\" height=\"493\" src=\"https:\/\/www.erdesaglik.com\/wp-content\/uploads\/2025\/02\/OjHIqDfs.jpg\" class=\"attachment-full size-full wp-image-2376\" alt=\"\" srcset=\"https:\/\/www.erdesaglik.com\/wp-content\/uploads\/2025\/02\/OjHIqDfs.jpg 740w, https:\/\/www.erdesaglik.com\/wp-content\/uploads\/2025\/02\/OjHIqDfs-300x200.jpg 300w\" sizes=\"(max-width: 740px) 100vw, 740px\" \/>\t\t\t\t\t\t\t\t\t\t\t\t\t\t\t<\/div>\n\t\t\t\t<\/div>\n\t\t\t\t<div class=\"elementor-element elementor-element-0467b7b elementor-widget elementor-widget-text-editor\" data-id=\"0467b7b\" data-element_type=\"widget\" data-widget_type=\"text-editor.default\">\n\t\t\t\t<div class=\"elementor-widget-container\">\n\t\t\t\t\t\t\t\t\t<article class=\"w-full text-token-text-primary focus-visible:outline-2 focus-visible:outline-offset-[-4px]\" dir=\"auto\" data-testid=\"conversation-turn-2\" data-scroll-anchor=\"false\">\n<div class=\"m-auto text-base py-[18px] px-3 md:px-4 w-full md:px-5 lg:px-4 xl:px-5\">\n<div class=\"mx-auto flex flex-1 gap-4 text-base md:gap-5 lg:gap-6 md:max-w-3xl lg:max-w-[40rem] xl:max-w-[48rem]\">\n<div class=\"group\/conversation-turn relative flex w-full min-w-0 flex-col px-4 @xs\/thread:px-0 @sm\/thread:px-1.5\">\n<div class=\"flex-col gap-1 md:gap-3\">\n<div class=\"flex max-w-full flex-col flex-grow\">\n<div class=\"min-h-8 text-message flex w-full flex-col items-end gap-2 whitespace-normal break-words text-start [.text-message+&amp;]:mt-5\" dir=\"auto\" data-message-author-role=\"user\" data-message-id=\"d244e093-7e1f-4e89-8a6c-26197bbea599\">\n<div class=\"flex w-full flex-col gap-1 empty:hidden items-end rtl:items-start\">\n<div class=\"relative max-w-[var(--user-chat-width,70%)] rounded-3xl bg-token-message-surface px-5 py-2.5\">\n<div class=\"whitespace-pre-wrap\">\n<p>Zamanla be\u011fenilen bir d\u00f6vme yerini pi\u015fmanl\u0131kla de\u011fi\u015ftirilebilen bir simgeye b\u0131rakabiliyor. Bu durumda, d\u00f6vme silme hizmetleri, istenmeyen d\u00f6vmelerden kurtulmak isteyenler i\u00e7in kurtar\u0131c\u0131 bir \u00e7\u00f6z\u00fcm sunuyor.&nbsp;<\/p>\n<p><span style=\"text-align: var(--text-align);\">D\u00f6vme silme, modern teknoloji ve profesyonel tedavi y\u00f6ntemleri ile olduk\u00e7a etkili ve g\u00fcvenli bir hale gelmi\u015ftir. Peki, d\u00f6vme silme i\u015flemi nas\u0131l yap\u0131l\u0131r, hangi y\u00f6ntemler kullan\u0131l\u0131r ve d\u00f6vme silme hizmetimiz sizlere ne gibi faydalar sa\u011flar? \u0130\u015fte d\u00f6vme silme hizmetimizin sundu\u011fu avantajlar ve detaylar.<\/span><\/p>\n<h3><span style=\"text-align: var(--text-align); color: rgb(146, 152, 155); font-size: 17px;\">D\u00f6vme silme, ciltteki kal\u0131c\u0131 m\u00fcrekkep izlerinin yok edilmesi amac\u0131yla yap\u0131lan t\u0131bbi bir i\u015flemdir. D\u00f6vme, cildin alt katmanlar\u0131na enjekte edilen \u00f6zel m\u00fcrekkeplerle yap\u0131l\u0131r ve bu m\u00fcrekkepler zamanla v\u00fccutta kal\u0131c\u0131 izler b\u0131rak\u0131r. Ancak \u00e7e\u015fitli lazer tedavileri ve di\u011fer modern y\u00f6ntemlerle, cilt alt\u0131ndaki m\u00fcrekkep par\u00e7alanarak v\u00fccut taraf\u0131ndan emilir ve at\u0131l\u0131r. D\u00f6vme silme i\u015flemi, yaln\u0131zca estetik bir iyile\u015fme sa\u011flamakla kalmaz, ayn\u0131 zamanda ki\u015finin kendisini daha iyi hissetmesine de yard\u0131mc\u0131 olabilir.<\/span><\/h3>\n<h3><strong>D\u00f6vme Silme Y\u00f6ntemleri<\/strong><\/h3>\n<p>D\u00f6vme silme i\u00e7in farkl\u0131 tedavi y\u00f6ntemleri bulunmaktad\u0131r. Her bir y\u00f6ntem, d\u00f6vmenin b\u00fcy\u00fckl\u00fc\u011f\u00fcne, renginin yo\u011funlu\u011funa ve uyguland\u0131\u011f\u0131 b\u00f6lgeye g\u00f6re de\u011fi\u015febilir. Hizmetimizde kullan\u0131lan ba\u015fl\u0131ca d\u00f6vme silme y\u00f6ntemleri:<\/p>\n<h4><strong>1. Lazerle D\u00f6vme Silme<\/strong><\/h4>\n<p>Lazerle d\u00f6vme silme, g\u00fcn\u00fcm\u00fczde en yayg\u0131n ve etkili y\u00f6ntemlerden biridir. Lazer \u0131\u015f\u0131nlar\u0131, cildin alt katmanlar\u0131na n\u00fcfuz ederek d\u00f6vmedeki m\u00fcrekkep partik\u00fcllerini hedef al\u0131r. Lazer \u0131\u015f\u0131\u011f\u0131, bu m\u00fcrekkep partik\u00fcllerini par\u00e7alar ve cilt, bu par\u00e7alanm\u0131\u015f m\u00fcrekkep maddelerini zaman i\u00e7inde do\u011fal yollarla atar.<\/p>\n<p><strong>Avantajlar\u0131:<\/strong><\/p>\n<ul>\n<li><strong>Etkili:<\/strong> Lazerle d\u00f6vme silme, en iyi sonu\u00e7lar\u0131 verir ve genellikle birka\u00e7 seansta istenen sonucu sa\u011flar.<\/li>\n<li><strong>H\u0131zl\u0131 \u0130yile\u015fme:<\/strong> Lazerle silme i\u015flemi sonras\u0131 iyile\u015fme s\u00fcresi olduk\u00e7a h\u0131zl\u0131d\u0131r.<\/li>\n<li><strong>A\u011fr\u0131s\u0131z:<\/strong> Uygulama s\u0131ras\u0131nda genellikle lokal anestezi veya so\u011futma sistemi kullan\u0131l\u0131r, b\u00f6ylece rahats\u0131zl\u0131k minimuma indirilir.<\/li>\n<\/ul>\n<h4><strong>2. Q-Switch Lazer Teknolojisi<\/strong><\/h4>\n<p>Q-Switch lazer teknolojisi, d\u00f6vme silme i\u015flemlerinde kullan\u0131lan bir t\u00fcr lazer tedavisidir. Bu lazer, d\u00f6vme m\u00fcrekkebini aniden patlatmak suretiyle ciltteki izlerin silinmesini sa\u011flar. Q-Switch lazer, \u00f6zellikle siyah ve koyu renkli d\u00f6vmeler i\u00e7in son derece etkilidir. Her seans yakla\u015f\u0131k 15-30 dakika s\u00fcrer ve iyile\u015fme s\u00fcreci de olduk\u00e7a k\u0131sa ve kolayd\u0131r.<\/p>\n<p><strong>Avantajlar\u0131:<\/strong><\/p>\n<ul>\n<li><strong>Renkli D\u00f6vmelerde Etkili:<\/strong> Siyah d\u0131\u015f\u0131nda ye\u015fil, mavi, k\u0131rm\u0131z\u0131 gibi renkli d\u00f6vmelerde de ba\u015far\u0131l\u0131 sonu\u00e7lar verir.<\/li>\n<li><strong>H\u0131zl\u0131 Sonu\u00e7:<\/strong> Genellikle birka\u00e7 seansta d\u00f6vme izleri silinmeye ba\u015flar.<\/li>\n<\/ul>\n<h4><strong>3. Kimyasal Peeling ve Dermabrazyon<\/strong><\/h4>\n<p>Baz\u0131 durumlarda, kimyasal peeling ve dermabrazyon gibi cilt yenileme teknikleri de d\u00f6vme silme i\u00e7in kullan\u0131labilir. Bu y\u00f6ntemler, cildin \u00fcst tabakas\u0131n\u0131 soyup yenilenmesini sa\u011flarken, d\u00f6vme izlerinin de silinmesine yard\u0131mc\u0131 olur.<\/p>\n<p><strong>Avantajlar\u0131:<\/strong><\/p>\n<ul>\n<li><strong>Y\u00fczeysel D\u00f6vmeler \u0130\u00e7in Etkili:<\/strong> Deri alt\u0131na fazla inmeden yap\u0131lan d\u00f6vmeler i\u00e7in uygundur.<\/li>\n<li><strong>Cilt Yenilenmesi:<\/strong> Cildin yenilenmesini sa\u011flad\u0131\u011f\u0131 i\u00e7in, i\u015flem sonras\u0131 cilt daha sa\u011fl\u0131kl\u0131 ve taze g\u00f6r\u00fcn\u00fcr.<\/li>\n<\/ul>\n<h3><strong>D\u00f6vme Silme Hizmetimizin Avantajlar\u0131<\/strong><\/h3>\n<p>D\u00f6vme silme hizmetimiz, son teknolojiye sahip ekipmanlar ve uzman kadromuzla en etkili sonu\u00e7lar\u0131 sunmay\u0131 hedeflemektedir. \u0130\u015fte d\u00f6vme silme hizmetimizin sa\u011flad\u0131\u011f\u0131 baz\u0131 avantajlar:<\/p>\n<ol>\n<li>\n<p><strong>Profesyonel ve G\u00fcvenli \u0130\u015flem:<\/strong> Uzman dermatologlar ve estetik uzmanlar\u0131 taraf\u0131ndan yap\u0131lan d\u00f6vme silme i\u015flemi, cildinize zarar vermeden etkili bir sonu\u00e7 elde etmenizi sa\u011flar. Cilt tipiniz ve d\u00f6vmenizin \u00f6zelliklerine g\u00f6re en uygun tedavi y\u00f6ntemi se\u00e7ilir.<\/p>\n<\/li>\n<li>\n<p><strong>Bireysel \u0130htiya\u00e7lara G\u00f6re Planlama:<\/strong> Her d\u00f6vme farkl\u0131d\u0131r. Biz, her dan\u0131\u015fan\u0131n d\u00f6vme ge\u00e7mi\u015fine ve cilt yap\u0131s\u0131na g\u00f6re \u00f6zel tedavi planlar\u0131 olu\u015fturuyoruz. B\u00f6ylece daha h\u0131zl\u0131 ve etkili sonu\u00e7lar alabilirsiniz.<\/p>\n<\/li>\n<li>\n<p><strong>A\u011fr\u0131s\u0131z ve Konforlu Uygulamalar:<\/strong> D\u00f6vme silme i\u015flemi, konforlu bir \u015fekilde ger\u00e7ekle\u015ftirilir. Lazerle silme i\u015flemi s\u0131ras\u0131nda so\u011futma sistemleri ve gerekli anestezi y\u00f6ntemleriyle, i\u015flem s\u00fcrecinde rahat hissetmeniz sa\u011flan\u0131r.<\/p>\n<\/li>\n<li>\n<p><strong>K\u0131sa \u0130yile\u015fme S\u00fcreci:<\/strong> D\u00f6vme silme i\u015flemi sonras\u0131, iyile\u015fme s\u00fcresi genellikle k\u0131sad\u0131r. Birka\u00e7 g\u00fcn i\u00e7inde cilt eski sa\u011fl\u0131\u011f\u0131na kavu\u015fur. Ayr\u0131ca, tedavi sonras\u0131 cilt bak\u0131m \u00f6nerileriyle daha h\u0131zl\u0131 iyile\u015fme sa\u011flan\u0131r.<\/p>\n<\/li>\n<li>\n<p><strong>Kal\u0131c\u0131 Sonu\u00e7lar:<\/strong> Lazerle d\u00f6vme silme i\u015flemi, genellikle kal\u0131c\u0131 sonu\u00e7lar sa\u011flar. D\u00f6vme izleri zamanla tamamen kaybolur ve cilt daha p\u00fcr\u00fczs\u00fcz ve temiz bir g\u00f6r\u00fcn\u00fcme kavu\u015fur.<\/p>\n<\/li>\n<li>\n<p><strong>Gizlili\u011finizi Korur:<\/strong> D\u00f6vme silme i\u015flemi, ki\u015fisel tercihler ve estetik kayg\u0131lar do\u011frultusunda yap\u0131l\u0131r. Gizlili\u011finize sayg\u0131 duyulur ve s\u00fcrecin her a\u015famas\u0131nda rahatl\u0131kla dan\u0131\u015fmanl\u0131k alabilirsiniz.<span style=\"text-align: var(--text-align); color: rgb(38, 50, 56); font-size: 24px;\">&nbsp;<\/span><\/p><\/li><\/ol>\n<\/div>\n<\/div>\n<\/div>\n<\/div>\n<\/div>\n<\/div>\n<\/div>\n<\/div>\n<\/div>\n<\/article>\t\t\t\t\t\t\t\t<\/div>\n\t\t\t\t<\/div>\n\t\t\t\t\t<\/div>\n\t\t\t\t<\/div>\n\t\t\t\t<\/div>\n\t\t","protected":false},"excerpt":{"rendered":"<p>Zamanla be\u011fenilen bir d\u00f6vme yerini pi\u015fmanl\u0131kla de\u011fi\u015ftirilebilen bir simgeye b\u0131rakabiliyor. Bu durumda, d\u00f6vme silme hizmetleri, istenmeyen d\u00f6vmelerden kurtulmak isteyenler i\u00e7in.. <span class=\"mil-el-more\"><a href=\"https:\/\/www.erdesaglik.com\/index.php\/dovme-silme\/\" class=\"mil-button mil-button-lg\"><span>Read more<\/span><\/a><\/span><\/p>\n","protected":false},"author":1,"featured_media":0,"parent":0,"menu_order":0,"comment_status":"closed","ping_status":"closed","template":"","meta":{"_acf_changed":false,"footnotes":""},"class_list":["post-2370","page","type-page","status-publish","hentry"],"acf":[],"_links":{"self":[{"href":"https:\/\/www.erdesaglik.com\/index.php\/wp-json\/wp\/v2\/pages\/2370","targetHints":{"allow":["GET"]}}],"collection":[{"href":"https:\/\/www.erdesaglik.com\/index.php\/wp-json\/wp\/v2\/pages"}],"about":[{"href":"https:\/\/www.erdesaglik.com\/index.php\/wp-json\/wp\/v2\/types\/page"}],"author":[{"embeddable":true,"href":"https:\/\/www.erdesaglik.com\/index.php\/wp-json\/wp\/v2\/users\/1"}],"replies":[{"embeddable":true,"href":"https:\/\/www.erdesaglik.com\/index.php\/wp-json\/wp\/v2\/comments?post=2370"}],"version-history":[{"count":6,"href":"https:\/\/www.erdesaglik.com\/index.php\/wp-json\/wp\/v2\/pages\/2370\/revisions"}],"predecessor-version":[{"id":2389,"href":"https:\/\/www.erdesaglik.com\/index.php\/wp-json\/wp\/v2\/pages\/2370\/revisions\/2389"}],"wp:attachment":[{"href":"https:\/\/www.erdesaglik.com\/index.php\/wp-json\/wp\/v2\/media?parent=2370"}],"curies":[{"name":"wp","href":"https:\/\/api.w.org\/{rel}","templated":true}]}}