{"id":2332,"date":"2025-02-05T11:40:26","date_gmt":"2025-02-05T08:40:26","guid":{"rendered":"https:\/\/www.erdesaglik.com\/?page_id=2332"},"modified":"2025-02-05T11:43:16","modified_gmt":"2025-02-05T08:43:16","slug":"ben-ve-leke-tedavisi","status":"publish","type":"page","link":"https:\/\/www.erdesaglik.com\/index.php\/ben-ve-leke-tedavisi\/","title":{"rendered":"BEN VE LEKE TEDAV\u0130S\u0130"},"content":{"rendered":"\t\t<div data-elementor-type=\"wp-page\" data-elementor-id=\"2332\" class=\"elementor elementor-2332\">\n\t\t\t\t<div class=\"elementor-element elementor-element-15923d7 e-flex e-con-boxed e-con e-parent\" data-id=\"15923d7\" data-element_type=\"container\">\n\t\t\t\t\t<div class=\"e-con-inner\">\n\t\t\t\t<div class=\"elementor-element elementor-element-42c4ff1 elementor-widget elementor-widget-image\" data-id=\"42c4ff1\" data-element_type=\"widget\" data-widget_type=\"image.default\">\n\t\t\t\t<div class=\"elementor-widget-container\">\n\t\t\t\t\t\t\t\t\t\t\t\t\t\t\t<img fetchpriority=\"high\" decoding=\"async\" width=\"900\" height=\"601\" src=\"https:\/\/www.erdesaglik.com\/wp-content\/uploads\/2025\/02\/1-3.jpg\" class=\"attachment-full size-full wp-image-2354\" alt=\"\" srcset=\"https:\/\/www.erdesaglik.com\/wp-content\/uploads\/2025\/02\/1-3.jpg 900w, https:\/\/www.erdesaglik.com\/wp-content\/uploads\/2025\/02\/1-3-300x200.jpg 300w, https:\/\/www.erdesaglik.com\/wp-content\/uploads\/2025\/02\/1-3-768x513.jpg 768w\" sizes=\"(max-width: 900px) 100vw, 900px\" \/>\t\t\t\t\t\t\t\t\t\t\t\t\t\t\t<\/div>\n\t\t\t\t<\/div>\n\t\t\t\t<div class=\"elementor-element elementor-element-0467b7b elementor-widget elementor-widget-text-editor\" data-id=\"0467b7b\" data-element_type=\"widget\" data-widget_type=\"text-editor.default\">\n\t\t\t\t<div class=\"elementor-widget-container\">\n\t\t\t\t\t\t\t\t\t<p>Ciltteki benler ve lekeler, genellikle estetik kayg\u0131lar yaratabilen, ancak genellikle zarars\u0131z olan cilt problemleridir. Ancak zaman i\u00e7inde bu benler veya lekeler, g\u00f6r\u00fcn\u00fcm\u00fcm\u00fcz\u00fc etkileyebilir ve baz\u0131 durumlarda sa\u011fl\u0131k riski olu\u015fturabilir. Ben ve leke tedavisi, bu t\u00fcr cilt sorunlar\u0131yla ba\u015fa \u00e7\u0131kman\u0131n en etkili yollar\u0131ndan biridir. Bu yaz\u0131da, benler ve lekeler hakk\u0131nda bilmeniz gerekenler ve bu sorunlar\u0131 tedavi etmek i\u00e7in mevcut olan farkl\u0131 tedavi se\u00e7eneklerini ke\u015ffedeceksiniz.<\/p><h3><strong>Benler: Nedir, Neden Olur ve Nas\u0131l Tedavi Edilir?<\/strong><\/h3><p><span style=\"text-align: var(--text-align);\">Ben, cildin herhangi bir b\u00f6lgesinde ortaya \u00e7\u0131kabilen, genellikle kahverengi veya siyah renkte, bazen d\u00fcz, bazen ise kabar\u0131k olan deri lezyonlar\u0131d\u0131r. Benler, melanin ad\u0131 verilen pigmentin deri alt\u0131ndaki h\u00fccrelerde birikmesi sonucu olu\u015fur. Bu pigment, cilt rengini belirleyen madde olup, melanin birikmesi benlerin olu\u015fumuna yol a\u00e7ar.<\/span><\/p><p><strong>Benlerin Nedenleri<\/strong><\/p><ul><li><strong>Genetik Fakt\u00f6rler:<\/strong> Ailede ben ve cilt problemleri ya\u015fayanlar, ben olu\u015fumuna daha yatk\u0131n olabilirler.<\/li><li><strong>G\u00fcne\u015fe Maruz Kalma:<\/strong> Uzun s\u00fcre g\u00fcne\u015fe maruz kalmak, melanin \u00fcretimini art\u0131rarak daha fazla benin olu\u015fmas\u0131na yol a\u00e7abilir.<\/li><li><strong>Hormonal De\u011fi\u015fiklikler:<\/strong> \u00d6zellikle hamilelik, ergenlik veya do\u011fum kontrol hap\u0131 kullan\u0131m\u0131 s\u0131ras\u0131nda hormonal de\u011fi\u015fiklikler, ciltteki benlerin say\u0131s\u0131n\u0131 art\u0131rabilir.<\/li><\/ul><p><strong>Nas\u0131l Bir Tedavi Uygulan\u0131r ?<\/strong><\/p><p>\u00c7o\u011fu ben zarars\u0131zd\u0131r ve yaln\u0131zca estetik bir sorun olu\u015fturur. Ancak, baz\u0131 benler zamanla b\u00fcy\u00fcyebilir veya \u015fekil de\u011fi\u015ftirebilir, bu da cilt kanseri riskini art\u0131rabilir. Bu nedenle, ciltteki benlerin d\u00fczenli olarak kontrol edilmesi \u00f6nemlidir.<\/p><p>Ben tedavisi, genellikle \u015fu y\u00f6ntemlerle yap\u0131l\u0131r:<\/p><ul><li><strong>Lazer Tedavisi:<\/strong> Lazerle benlerin \u00e7\u0131kar\u0131lmas\u0131, en pop\u00fcler ve etkili y\u00f6ntemlerden biridir. Lazer, benin derinliklerine inmeden cildin y\u00fczeyine etki eder ve benin yok olmas\u0131n\u0131 sa\u011flar.<\/li><li><strong>Cerrahi M\u00fcdahale:<\/strong> B\u00fcy\u00fcm\u00fc\u015f veya risk ta\u015f\u0131yan benler cerrahi olarak \u00e7\u0131kar\u0131labilir. Bu i\u015flem, lokal anestezi alt\u0131nda yap\u0131l\u0131r ve iyile\u015fme s\u00fcreci h\u0131zl\u0131d\u0131r.<\/li><li><strong>Dondurma (Kriyoterapi):<\/strong> Benlerin dondurulmas\u0131, ben h\u00fccrelerinin \u00f6lmesine yol a\u00e7ar. Bu y\u00f6ntem, daha k\u00fc\u00e7\u00fck ve zarars\u0131z benler i\u00e7in etkili olabilir.<\/li><li><strong>Elektrokoterizasyon:<\/strong> Elektriksel ak\u0131m kullanarak benin yok edilmesi sa\u011flan\u0131r. Bu y\u00f6ntem genellikle k\u00fc\u00e7\u00fck benler i\u00e7in tercih edilir.<\/li><\/ul>\t\t\t\t\t\t\t\t<\/div>\n\t\t\t\t<\/div>\n\t\t\t\t\t<\/div>\n\t\t\t\t<\/div>\n\t\t\t\t<\/div>\n\t\t","protected":false},"excerpt":{"rendered":"<p>Ciltteki benler ve lekeler, genellikle estetik kayg\u0131lar yaratabilen, ancak genellikle zarars\u0131z olan cilt problemleridir. Ancak zaman i\u00e7inde bu benler veya.. <span class=\"mil-el-more\"><a href=\"https:\/\/www.erdesaglik.com\/index.php\/ben-ve-leke-tedavisi\/\" class=\"mil-button mil-button-lg\"><span>Read more<\/span><\/a><\/span><\/p>\n","protected":false},"author":1,"featured_media":0,"parent":0,"menu_order":0,"comment_status":"closed","ping_status":"closed","template":"","meta":{"_acf_changed":false,"footnotes":""},"class_list":["post-2332","page","type-page","status-publish","hentry"],"acf":[],"_links":{"self":[{"href":"https:\/\/www.erdesaglik.com\/index.php\/wp-json\/wp\/v2\/pages\/2332","targetHints":{"allow":["GET"]}}],"collection":[{"href":"https:\/\/www.erdesaglik.com\/index.php\/wp-json\/wp\/v2\/pages"}],"about":[{"href":"https:\/\/www.erdesaglik.com\/index.php\/wp-json\/wp\/v2\/types\/page"}],"author":[{"embeddable":true,"href":"https:\/\/www.erdesaglik.com\/index.php\/wp-json\/wp\/v2\/users\/1"}],"replies":[{"embeddable":true,"href":"https:\/\/www.erdesaglik.com\/index.php\/wp-json\/wp\/v2\/comments?post=2332"}],"version-history":[{"count":8,"href":"https:\/\/www.erdesaglik.com\/index.php\/wp-json\/wp\/v2\/pages\/2332\/revisions"}],"predecessor-version":[{"id":2360,"href":"https:\/\/www.erdesaglik.com\/index.php\/wp-json\/wp\/v2\/pages\/2332\/revisions\/2360"}],"wp:attachment":[{"href":"https:\/\/www.erdesaglik.com\/index.php\/wp-json\/wp\/v2\/media?parent=2332"}],"curies":[{"name":"wp","href":"https:\/\/api.w.org\/{rel}","templated":true}]}}